git of d?
2
Let a be ((-2)/((-10)/(-195)))/(1/5). Let t = a - -418. What is the hundreds digit of t?
2
Let z be 2 + 2*3/6. Let v = -413 + 415. Suppose -z*u + 126 = 3*d - 0*u, 0 = -v*d + 3*u + 64. What is the units digit of d?
8
What is the units digit of 42/(-4)*(-3408)/72?
7
What is the hundreds digit of ((-35)/7 + (-44)/(-8))*2564?
2
Suppose 0 = 3*p + s - 7, 0 = -2*p + 3*s - 0 + 1. Suppose 4*t - p = 154. Suppose -5*f + t + 136 = 0. What is the tens digit of f?
3
Let w(b) be the third derivative of -b**4/12 + 4*b**3/3 - 11*b**2. What is the tens digit of w(-6)?
2
Let x(n) = -2*n**2 - 15*n - 8. Let k be x(-8). Let i(p) = -2*p + 6. Let a be i(6). Let c = a - k. What is the tens digit of c?
1
Let n = 266 + 185. What is the hundreds digit of n?
4
Suppose -6 = 2*c - 2, t + 83 = -5*c. What is the tens digit of -1 - (-4 + 0) - t?
7
Let j(s) = -6*s - 84. Let v be j(-16). Let i(g) be the third derivative of g**5/60 - 5*g**4/24 - 7*g**3/3 - g**2. What is the tens digit of i(v)?
7
Let d(o) = -o - 4. Let f be d(-5). Suppose 0 = -5*u - f + 31. Suppose -18 = 3*k - u*k. What is the units digit of k?
6
Let v(x) = 2*x**3 - 10*x**2 + 3*x - 13. Let a be v(10). Suppose -r - 4*z + 238 = -z, -4*r + z = -a. What is the units digit of r?
3
Suppose 3 = -5*x + d - 3*d, -4 = 2*x - 2*d. Let t(g) = 2*g**2 + 2*g + 2. What is the units digit of t(x)?
2
Let c(k) = k**3 - 7*k - 3. Let y be c(9). Suppose 0 = b + m - 221, y = 3*b - 6*m + 10*m. What is the hundreds digit of b?
2
What is the units digit of (-4)/(-18) - (-9)/((-729)/(-25011))?
9
What is the units digit of (-716)/(((-14)/(-2))/(-7))?
6
Let t(b) = -467*b - 57. What is the tens digit of t(-5)?
7
Let o(l) = 8*l**2 - 6 - 3 - 7*l - 7*l**2. Let g be o(10). Suppose 3*p = -4*r + g, 2*r = p + 6 - 23. What is the tens digit of p?
1
Let n(y) = 19*y + 13. Let c be n(-6). Let r = -14 - c. What is the units digit of r?
7
Suppose 5*g - 4*w + 3 = 2, -3*w = -g - 9. Let y(k) = k**3 - k**2 - k - 3. Let u be y(g). Suppose u = q - 32. What is the tens digit of q?
4
Let j(o) = 255*o**2 + o - 7. What is the units digit of j(-2)?
1
What is the hundreds digit of (1 - (2 - 0))*(-317 - -6)?
3
Let a = 37 - 31. Suppose -a*u + 0*u = -228. What is the tens digit of u?
3
Let z = 0 + 39. Let u = z - 26. What is the units digit of u?
3
What is the units digit of 188/1 + (3 - 2)?
9
Suppose 0 = 46*g - 44*g - 10. Suppose 2*h + 808 = g*y, -4*y - 5*h + 650 = -3*h. What is the units digit of y?
2
Suppose -9*r - 111 + 300 = 0. Let x(u) = 4*u - 50. What is the tens digit of x(r)?
3
Suppose -16*l - 45 = -25*l. Suppose 28 = l*k - k. What is the units digit of k?
7
Let g be (-2)/((-6)/(-3))*-5. Suppose -g*y + 2 + 13 = 0. Suppose -y*o + 26 = -o. What is the tens digit of o?
1
Let h = -73 + 144. Suppose -5*y = -5*g - 170, -2*g + 7*g = -5*y + 220. Let j = h - y. What is the units digit of j?
2
What is the tens digit of (-205)/1*(-28)/10?
7
Suppose -5*i = -3*v - 2130, -4*v - 1704 = -4*i + v. Suppose -10*b + i + 374 = 0. What is the units digit of b?
0
Let t = 484 + -486. Let m(o) = 28*o. Let y(n) = -n. Let q(w) = -m(w) - 2*y(w). What is the tens digit of q(t)?
5
Suppose -20 = 3*u - 7*u. Suppose u*n = 6*n - 3. Suppose -33 = -n*a + 123. What is the tens digit of a?
5
Let r = -1 + -1. Let x(l) = -2*l**3 - 2*l**2 - l - 2. What is the units digit of x(r)?
8
Let o(l) = l + 70. What is the units digit of o(-13)?
7
Suppose 11 = -3*c + 41. Let b be (-8)/c*15/(-6). Suppose b*f = 3*f + w - 13, -2*f = -w - 11. What is the units digit of f?
8
Suppose -2*p + 0*p = 4*u - 1040, -2*p = 4. Suppose -5*k = -2*k - u. What is the units digit of k?
7
Suppose k = -a, a = -k - 2*k. Let x be 19/2 - 1/2. What is the units digit of x/3 - a/2?
3
Let z = 72 - 28. Let c be (3 + -2)*-1 + 29. Let y = z - c. What is the units digit of y?
6
Suppose -6131 + 9629 = 2*k. What is the tens digit of k?
4
Suppose 2*m - 5*d - 18 = -3*d, m + 3 = -2*d. Suppose 5*r - 32 - 633 = 5*z, z - m*r = -153. Let w = -79 - z. What is the tens digit of w?
4
What is the units digit of 16/(-4) + 3*140/12?
1
Let o be (2 + -2 + 1)*-8. Let w = o + 12. What is the units digit of (-1)/4 + 77/w?
9
Let o be -3 - (-4 - -1) - 3*-2. What is the units digit of (7/2 + (-4 - -2))*o?
9
Suppose -4*k = 32 + 44. Let h be 2/(4/(-29))*2. Let g = k - h. What is the tens digit of g?
1
Suppose 2*m + m - 174 = 0. Let j = m - 23. What is the tens digit of j?
3
Suppose -24*j + 19430 = 5*j. What is the tens digit of j?
7
Let g = 32 - 24. Let k(z) = 5*z - 19. What is the units digit of k(g)?
1
Let q = -696 + 1209. What is the units digit of q/(-9)*(-4)/6?
8
Suppose 5*a + 100 = 10*a. Let f = a + -18. What is the units digit of -16*1*(-1)/f?
8
Suppose 14 = -3*c + 4*c + 2*p, -4 = 4*c - 4*p. Suppose -3*h + 4*a = 69, -2*a - 45 - 47 = c*h. Let i = 57 + h. What is the units digit of i?
4
Let a(w) = w**2 - 17*w - 16. Let u be a(18). Let t = 4 + 1. Let h = t + u. What is the units digit of h?
7
Suppose 631*x = 626*x + 1770. What is the tens digit of x?
5
What is the units digit of (-8)/12*-796*45/30?
6
What is the hundreds digit of (-1695)/(-30)*(2 - -2)?
2
Let t = -1139 - -2416. What is the hundreds digit of t?
2
Let x = -65 - -467. What is the units digit of x?
2
Suppose 5*r + 8 = 23. Suppose 0 = z - 63 + r. What is the tens digit of z?
6
Let p = 10 + -18. What is the tens digit of p/(-6)*(-405)/(-30)?
1
Let h = -23 - -14. What is the hundreds digit of (-80 - -2)/(2/(24/h))?
1
Suppose -2*w + 12 = 5*g - 42, -4*w - 32 = -4*g. Let c(r) = -r**3 + 11*r**2 + 5*r - 1. What is the hundreds digit of c(g)?
1
Let z(t) = -t + 11. Let u be z(5). Let y(q) = -q**2 + 3*q + 2. Let i(h) = 4*h**2 - 14*h - 7. Let l(p) = -i(p) - 5*y(p). What is the units digit of l(u)?
7
Let x(h) be the third derivative of 7*h**2 + 1/24*h**4 + 5/2*h**3 + 0 + 0*h. What is the units digit of x(17)?
2
Suppose 15 = -2*d + 15. Suppose d = n - 254 + 74. What is the hundreds digit of n?
1
Suppose 0 = -4*b + 3*h - 2*h + 11, h = 3*b - 8. Suppose 5 + 15 = 5*l. Suppose 4*s + 4*y - b = 5, 3*s - 2 = -l*y. What is the units digit of s?
6
Suppose 2606 - 9566 = -10*r. What is the units digit of r?
6
Suppose 4*g - 13 = 5*o - 4*o, -4*g - 5*o = -7. Let s = -157 + 427. What is the tens digit of ((-8)/(-20))/(g/s)?
3
Let d = -10 + 30. Let n = -17 + d. Suppose 3*m - 2*m = 4*w - 31, 5*m = -n*w + 6. What is the units digit of w?
7
Let q(m) = 162*m**2 + 26*m + 47. What is the tens digit of q(-2)?
4
Let k be ((-140)/(-50))/(2/5). Let o(c) = 18 - k*c - c**2 + 2*c - 10*c. What is the units digit of o(-16)?
2
Suppose -4*o + 3*c = -96, 5*o - 5*c + 29 = 154. Let p = o - 11. What is the tens digit of p/35 - (-206)/14?
1
Let t = 49 + -48. What is the tens digit of (-33)/(-6)*4 - t?
2
Suppose 0 = 2*w, -2*g = -5*g - 2*w + 642. What is the units digit of g?
4
Suppose 2*f - 5*r - 9 = -8*r, 5*f + 4*r - 5 = 0. What is the tens digit of (((-69)/2)/f)/((-3)/(-18))?
6
Let a(c) be the third derivative of c**6/120 + c**5/15 - c**4/8 - c**3 - 4*c**2. What is the units digit of a(-3)?
2
Let w = -88 - -148. Let g be 4/(-30) + 3368/w. Let h = g + -32. What is the units digit of h?
4
Let h be 109 - (4 - 3)*-1. Suppose r + g - 3*g = h, -5*r = -g - 595. Suppose r = 6*l - l. What is the units digit of l?
4
Let h be (-44)/11 - (1 - 18). Suppose 2*o + 16 = 4*f, 24 = -o - 2*o + 5*f. Let w = h + o. What is the units digit of w?
5
Let m = 5751 - 460. What is the tens digit of m?
9
Let r be (-29)/4 - (-14)/56. Let g(j) = -13*j - 13. What is the units digit of g(r)?
8
Let l = 124 + -114. What is the tens digit of l?
1
Let b = -154 + 727. What is the hundreds digit of b?
5
Let p(c) = c**3 + 4*c**2 - 22*c + 4. What is the tens digit of p(6)?
3
Let l(q) = 10*q + 18. Let j(b) = 9*b + 18. Let z(p) = 7*j(p) - 6*l(p). Let x be z(-12). What is the tens digit of (-993)/x - 5/30?
5
Let z = 19 - 36. Let g(l) be the third derivative of -l**4/6 - 2*l**3 - 9*l**2. What is the tens digit of g(z)?
5
Let f = 174 - -681. Suppose 53*k = 48*k + f. What is the tens digit of k?
7
Let i(a) = -a**2 - 6. Let p be i(2). Let n(s) = s**2 + 7*s - 9. What is the units digit of n(p)?
1
Suppose -52 + 4 = -3*b. What is the tens digit of b?
1
Suppose -4*y = 2*b + 2*b + 132, 0 = -4*b + 2*y - 162. Let q = b - -220. What is the units digit of q?
2
Suppose 0 = 5*b + 15, 23*v - 24*v